culate the greatest common factor of 40 and 2168.
8
What is the highest common divisor of 1536 and 312?
24
What is the greatest common divisor of 38 and 95?
19
Calculate the highest common factor of 11802 and 14.
14
What is the greatest common factor of 9717 and 246?
123
What is the highest common divisor of 9107 and 14?
7
What is the greatest common factor of 405 and 180?
45
Calculate the greatest common factor of 22 and 1133.
11
What is the greatest common divisor of 36 and 306?
18
What is the highest common factor of 73 and 1?
1
What is the highest common factor of 11417 and 699?
233
What is the greatest common factor of 32 and 23?
1
What is the greatest common divisor of 86 and 2322?
86
What is the greatest common factor of 1512 and 27?
27
Calculate the greatest common factor of 2101 and 11.
11
What is the highest common divisor of 2818 and 4?
2
What is the greatest common factor of 20 and 620?
20
What is the greatest common divisor of 66 and 286?
22
Calculate the highest common divisor of 244 and 305.
61
What is the greatest common divisor of 14536 and 790?
158
Calculate the highest common divisor of 10875 and 261.
87
What is the greatest common divisor of 1625 and 130?
65
Calculate the highest common divisor of 9 and 1899.
9
Calculate the highest common factor of 736 and 296.
8
Calculate the highest common divisor of 1508 and 464.
116
Calculate the highest common factor of 6 and 258.
6
Calculate the highest common divisor of 15 and 45.
15
Calculate the highest common divisor of 300 and 780.
60
Calculate the highest common divisor of 120 and 150.
30
Calculate the highest common divisor of 172 and 4.
4
Calculate the greatest common factor of 13 and 39.
13
What is the highest common divisor of 36 and 14748?
12
What is the greatest common factor of 147 and 3738?
21
What is the highest common factor of 1500 and 48?
12
What is the greatest common factor of 48 and 120?
24
Calculate the greatest common factor of 992 and 7688.
248
Calculate the greatest common factor of 17 and 8.
1
Calculate the highest common factor of 1188 and 10476.
108
What is the highest common divisor of 637 and 364?
91
Calculate the greatest common divisor of 88 and 1100.
44
What is the highest common divisor of 1650 and 2400?
150
What is the greatest common factor of 350 and 2590?
70
Calculate the highest common divisor of 54 and 351.
27
What is the highest common divisor of 112 and 14252?
28
Calculate the greatest common divisor of 110 and 6655.
55
Calculate the greatest common divisor of 1247 and 2408.
43
What is the greatest common divisor of 123 and 779?
41
Calculate the highest common divisor of 576 and 306.
18
Calculate the greatest common divisor of 85 and 10081.
17
Calculate the highest common divisor of 70 and 105.
35
Calculate the highest common factor of 7763 and 14.
7
What is the highest common factor of 330 and 30?
30
What is the greatest common divisor of 15065 and 115?
115
What is the greatest common factor of 1134 and 918?
54
What is the highest common factor of 9372 and 198?
66
What is the highest common divisor of 611 and 376?
47
What is the highest common divisor of 3 and 48?
3
What is the highest common divisor of 1281 and 5490?
183
Calculate the greatest common factor of 4300 and 200.
100
What is the highest common divisor of 3324 and 8?
4
Calculate the highest common divisor of 688 and 43.
43
Calculate the highest common factor of 23 and 1127.
23
What is the highest common divisor of 181 and 905?
181
What is the greatest common divisor of 56 and 7168?
56
What is the greatest common divisor of 385 and 56?
7
Calculate the greatest common factor of 87360 and 35.
35
Calculate the greatest common divisor of 472 and 295.
59
What is the highest common divisor of 420 and 3010?
70
Calculate the greatest common factor of 16 and 13008.
16
Calculate the greatest common factor of 36 and 184.
4
Calculate the greatest common divisor of 828 and 759.
69
Calculate the highest common divisor of 208 and 871.
13
What is the greatest common divisor of 19869 and 358?
179
Calculate the greatest common divisor of 14620 and 34.
34
What is the greatest common factor of 581 and 1079?
83
What is the highest common divisor of 110 and 30?
10
What is the highest common factor of 135 and 54?
27
Calculate the highest common divisor of 122 and 2867.
61
Calculate the greatest common divisor of 3081 and 195.
39
What is the greatest common factor of 57114 and 342?
342
Calculate the highest common divisor of 2648 and 8.
8
What is the greatest common factor of 11418 and 55?
11
Calculate the greatest common divisor of 730 and 20.
10
Calculate the greatest common divisor of 23 and 4025.
23
What is the highest common factor of 1316 and 1036?
28
What is the highest common divisor of 153 and 17?
17
What is the highest common factor of 10 and 65?
5
What is the highest common factor of 32 and 472?
8
What is the highest common factor of 14 and 287?
7
Calculate the greatest common divisor of 34 and 595.
17
What is the greatest common factor of 3808 and 68?
68
Calculate the highest common factor of 21 and 1113.
21
What is the greatest common divisor of 1144 and 1573?
143
Calculate the greatest common factor of 32 and 1.
1
What is the highest common divisor of 130 and 10?
10
Calculate the highest common divisor of 3059 and 69.
23
What is the greatest common divisor of 3845 and 15?
5
Calculate the highest common factor of 327 and 43491.
327
What is the highest common factor of 4823 and 21?
7
Calculate the highest common divisor of 76 and 836.
76
What is the highest common divisor of 2 and 26?
2
What is the greatest common divisor of 496 and 93?
31
What is the highest common factor of 336 and 210?
42
What is the greatest common divisor of 94 and 36284?
94
What is the greatest common divisor of 165 and 132?
33
Calculate the highest common factor of 799 and 94.
47
Calculate the highest common divisor of 605 and 110.
55
What is the greatest common divisor of 31 and 496?
31
Calculate the highest common divisor of 88 and 3652.
44
Calculate the highest common factor of 46 and 7751.
23
Calculate the highest common factor of 270 and 324.
54
What is the greatest common divisor of 3 and 24243?
3
What is the highest common divisor of 104 and 299?
13
What is the highest common divisor of 8043 and 21?
21
Calculate the highest common factor of 39 and 2379.
39
Calculate the greatest common factor of 7161 and 105.
21
What is the highest common divisor of 20 and 660?
20
Calculate the highest common factor of 12492 and 4.
4
Calculate the highest common divisor of 10 and 395.
5
Calculate the highest common factor of 1508 and 638.
58
What is the highest common divisor of 10 and 46?
2
What is the highest common factor of 1648 and 80?
16
Calculate the highest common factor of 14 and 56.
14
Calculate the highest common divisor of 697 and 123.
41
Calculate the greatest common divisor of 29 and 1769.
29
Calculate the greatest common divisor of 16 and 3264.
16
What is the greatest common divisor of 1404 and 708?
12
What is the highest common factor of 45 and 135?
45
Calculate the highest common divisor of 3 and 48.
3
Calculate the highest common divisor of 12 and 39.
3
What is the highest common divisor of 556 and 44?
4
Calculate the greatest common factor of 1562 and 4544.
142
Calculate the greatest common divisor of 2 and 1124.
2
Calculate the greatest common divisor of 18 and 1728.
18
Calculate the highest common factor of 12042 and 54.
54
What is the highest common factor of 113 and 3051?
113
What is the highest common factor of 40 and 90?
10
What is the greatest common factor of 348 and 1479?
87
Calculate the greatest common divisor of 399 and 95.
19
Calculate the greatest common divisor of 278 and 1112.
278
What is the greatest common divisor of 75956 and 34?
34
What is the highest common divisor of 48 and 1520?
16
What is the highest common factor of 18 and 96?
6
Calculate the highest common factor of 70 and 56.
14
Calculate the greatest common divisor of 11368 and 1160.
232
Calculate the highest common divisor of 392 and 1666.
98
Calculate the highest common factor of 144 and 18.
18
Calculate the greatest common divisor of 132 and 60.
12
Calculate the greatest common factor of 1768 and 208.
104
What is the highest 